{"id":11560,"date":"2020-07-01T13:59:35","date_gmt":"2020-07-01T13:59:35","guid":{"rendered":"https:\/\/iacrianca.pt\/testemunhos\/daniel-sampaio-2\/"},"modified":"2020-07-01T13:59:35","modified_gmt":"2020-07-01T13:59:35","slug":"daniel-sampaio-2","status":"publish","type":"dt_testimonials","link":"https:\/\/iacrianca.pt\/en\/testimonies\/daniel-sampaio-2\/","title":{"rendered":"Daniel Sampaio"},"content":{"rendered":"<p>O pedopsiquiatra Dr. Jo\u00e3o dos Santos &#8211; um dos meus mestres e profissional muito marcante na forma\u00e7\u00e3o de muitos t\u00e9cnicos de Sa\u00fade Mental em Portugal&#8212; sempre teve a \u201cutopia\u201d da cria\u00e7\u00e3o de um Instituto da Crian\u00e7a, entidade que considerava crucial para a defesa da causa dos mais novos. Em 1983, o seu sonho tornou-se realidade, com a cria\u00e7\u00e3o do <b>Instituto de Apoio \u00e0 Crian\u00e7a<\/b> (<b>IAC<\/b>), que desde sempre contou com o entusiasmo, perseveran\u00e7a e humanismo da sua fundadora, Dra. Manuela Ramalho Eanes.<\/p>\n<p>Ao longo destes cerca de 25 anos, o <b>IAC<\/b> teve uma ac\u00e7\u00e3o not\u00e1vel na defesa dos direitos das crian\u00e7as portuguesas, que se manifestou de muitos modos: desde a divulga\u00e7\u00e3o dos direitos das crian\u00e7as, ao trabalho no terreno junto de menores em risco e em perigo e \u00e0 interven\u00e7\u00e3o junto de escolas e de institui\u00e7\u00f5es para jovens. A sua ac\u00e7\u00e3o caracteriza-se por um elevado sentido de participa\u00e7\u00e3o c\u00edvica dos seus t\u00e9cnicos e por uma atitude de coopera\u00e7\u00e3o com outras organiza\u00e7\u00f5es similares, quer nacionais quer estrangeiras.<\/p>\n<p>Entre as muitas iniciativas que organizou, destaco a cria\u00e7\u00e3o da Linha SOS Crian\u00e7a, a luta pela humaniza\u00e7\u00e3o dos hospitais, o trabalho com crian\u00e7as de rua e a cria\u00e7\u00e3o, em muitas escolas, de equipas de media\u00e7\u00e3o escolar, arma essencial para o combate ao insucesso e abandono escolares.<\/p>\n<p>O <b>IAC<\/b> \u00e9 hoje um parceiro essencial para todas as iniciativas que visem lutar pela sa\u00fade e seguran\u00e7a das crian\u00e7as e adolescentes em Portugal, como se pode verificar pela sua presen\u00e7a constante em reuni\u00f5es cient\u00edficas sobre o tema.<\/p>\n<p>Pelas raz\u00f5es expostas, sou de opini\u00e3o que se justifica plenamente a atribui\u00e7\u00e3o do III Premio Rey de Espa\u00f1a de Derechos Humanos ao <b>Instituto de Apoio \u00e0 Crian\u00e7a<\/b> (<b>IAC<\/b>).<\/p>\n","protected":false},"excerpt":{"rendered":"<p>O pedopsiquiatra Dr. Jo\u00e3o dos Santos &#8211; um dos meus mestres e profissional muito marcante na forma\u00e7\u00e3o de muitos t\u00e9cnicos de Sa\u00fade Mental em Portugal&#8212; sempre teve a \u201cutopia\u201d da cria\u00e7\u00e3o de um Instituto da Crian\u00e7a, entidade que considerava crucial para a defesa da causa dos mais novos. Em 1983, o seu sonho tornou-se realidade,&hellip;<\/p>\n","protected":false},"featured_media":0,"template":"","dt_testimonials_category":[],"class_list":["post-11560","dt_testimonials","type-dt_testimonials","status-publish","hentry","description-off"],"acf":[],"yoast_head":"<!-- This site is optimized with the Yoast SEO plugin v27.5 - https:\/\/yoast.com\/product\/yoast-seo-wordpress\/ -->\n<title>Daniel Sampaio Testemunho | Instituto de Apoio \u00e0 Crian\u00e7a<\/title>\n<meta name=\"description\" content=\"Tesemunho de Daniel Sampaio: Ao longo destes cerca de 25 anos, o IAC teve uma ac\u00e7\u00e3o not\u00e1vel na defesa dos direitos das crian\u00e7as portuguesas.\" \/>\n<meta name=\"robots\" content=\"index, follow, max-snippet:-1, max-image-preview:large, max-video-preview:-1\" \/>\n<link rel=\"canonical\" href=\"https:\/\/iacrianca.pt\/en\/testimonies\/daniel-sampaio-2\/\" \/>\n<meta property=\"og:locale\" content=\"en_US\" \/>\n<meta property=\"og:type\" content=\"article\" \/>\n<meta property=\"og:title\" content=\"Daniel Sampaio Testemunho | Instituto de Apoio \u00e0 Crian\u00e7a\" \/>\n<meta property=\"og:description\" content=\"Tesemunho de Daniel Sampaio: Ao longo destes cerca de 25 anos, o IAC teve uma ac\u00e7\u00e3o not\u00e1vel na defesa dos direitos das crian\u00e7as portuguesas.\" \/>\n<meta property=\"og:url\" content=\"https:\/\/iacrianca.pt\/en\/testimonies\/daniel-sampaio-2\/\" \/>\n<meta property=\"og:site_name\" content=\"Instituto de Apoio \u00e0 Crian\u00e7a\" \/>\n<meta property=\"article:publisher\" content=\"https:\/\/www.facebook.com\/iacinstitutodeapoioacrianca\" \/>\n<meta name=\"twitter:card\" content=\"summary_large_image\" \/>\n<meta name=\"twitter:site\" content=\"@iacapoiocrianca\" \/>\n<meta name=\"twitter:label1\" content=\"Est. reading time\" \/>\n\t<meta name=\"twitter:data1\" content=\"2 minutes\" \/>\n<script type=\"application\/ld+json\" class=\"yoast-schema-graph\">{\"@context\":\"https:\\\/\\\/schema.org\",\"@graph\":[{\"@type\":\"WebPage\",\"@id\":\"https:\\\/\\\/iacrianca.pt\\\/en\\\/testimonies\\\/daniel-sampaio-2\\\/\",\"url\":\"https:\\\/\\\/iacrianca.pt\\\/en\\\/testimonies\\\/daniel-sampaio-2\\\/\",\"name\":\"Daniel Sampaio Testemunho | Instituto de Apoio \u00e0 Crian\u00e7a\",\"isPartOf\":{\"@id\":\"https:\\\/\\\/iacrianca.pt\\\/en\\\/#website\"},\"datePublished\":\"2020-07-01T13:59:35+00:00\",\"description\":\"Tesemunho de Daniel Sampaio: Ao longo destes cerca de 25 anos, o IAC teve uma ac\u00e7\u00e3o not\u00e1vel na defesa dos direitos das crian\u00e7as portuguesas.\",\"breadcrumb\":{\"@id\":\"https:\\\/\\\/iacrianca.pt\\\/en\\\/testimonies\\\/daniel-sampaio-2\\\/#breadcrumb\"},\"inLanguage\":\"en-US\",\"potentialAction\":[{\"@type\":\"ReadAction\",\"target\":[\"https:\\\/\\\/iacrianca.pt\\\/en\\\/testimonies\\\/daniel-sampaio-2\\\/\"]}]},{\"@type\":\"BreadcrumbList\",\"@id\":\"https:\\\/\\\/iacrianca.pt\\\/en\\\/testimonies\\\/daniel-sampaio-2\\\/#breadcrumb\",\"itemListElement\":[{\"@type\":\"ListItem\",\"position\":1,\"name\":\"In\u00edcio\",\"item\":\"https:\\\/\\\/iacrianca.pt\\\/en\\\/\"},{\"@type\":\"ListItem\",\"position\":2,\"name\":\"Testemunhos\",\"item\":\"https:\\\/\\\/iacrianca.pt\\\/en\\\/testimonies\\\/\"},{\"@type\":\"ListItem\",\"position\":3,\"name\":\"Daniel Sampaio\"}]},{\"@type\":\"WebSite\",\"@id\":\"https:\\\/\\\/iacrianca.pt\\\/en\\\/#website\",\"url\":\"https:\\\/\\\/iacrianca.pt\\\/en\\\/\",\"name\":\"Instituto de Apoio \u00e0 Crian\u00e7a\",\"description\":\"Desde 1983 na defesa e promo\u00e7\u00e3o dos direitos da crian\u00e7a\",\"publisher\":{\"@id\":\"https:\\\/\\\/iacrianca.pt\\\/en\\\/#organization\"},\"potentialAction\":[{\"@type\":\"SearchAction\",\"target\":{\"@type\":\"EntryPoint\",\"urlTemplate\":\"https:\\\/\\\/iacrianca.pt\\\/en\\\/?s={search_term_string}\"},\"query-input\":{\"@type\":\"PropertyValueSpecification\",\"valueRequired\":true,\"valueName\":\"search_term_string\"}}],\"inLanguage\":\"en-US\"},{\"@type\":\"Organization\",\"@id\":\"https:\\\/\\\/iacrianca.pt\\\/en\\\/#organization\",\"name\":\"Instituto de Apoio \u00e0 Crian\u00e7a\",\"url\":\"https:\\\/\\\/iacrianca.pt\\\/en\\\/\",\"logo\":{\"@type\":\"ImageObject\",\"inLanguage\":\"en-US\",\"@id\":\"https:\\\/\\\/iacrianca.pt\\\/en\\\/#\\\/schema\\\/logo\\\/image\\\/\",\"url\":\"https:\\\/\\\/iacrianca.pt\\\/wp-content\\\/uploads\\\/2020\\\/04\\\/logo-iac-SD.jpg\",\"contentUrl\":\"https:\\\/\\\/iacrianca.pt\\\/wp-content\\\/uploads\\\/2020\\\/04\\\/logo-iac-SD.jpg\",\"width\":152,\"height\":73,\"caption\":\"Instituto de Apoio \u00e0 Crian\u00e7a\"},\"image\":{\"@id\":\"https:\\\/\\\/iacrianca.pt\\\/en\\\/#\\\/schema\\\/logo\\\/image\\\/\"},\"sameAs\":[\"https:\\\/\\\/www.facebook.com\\\/iacinstitutodeapoioacrianca\",\"https:\\\/\\\/x.com\\\/iacapoiocrianca\",\"https:\\\/\\\/www.youtube.com\\\/channel\\\/UC0jjfZ_xkN_59gJf_RQ-ZnQ\",\"https:\\\/\\\/www.linkedin.com\\\/company\\\/instituto-de-apoio--criana\\\/\",\"https:\\\/\\\/www.instagram.com\\\/iacinstitutodeapoioacrianca\\\/\",\"https:\\\/\\\/criancasatortoeadireitos.wordpress.com\\\/\"]}]}<\/script>\n<!-- \/ Yoast SEO plugin. -->","yoast_head_json":{"title":"Daniel Sampaio Testemunho | Instituto de Apoio \u00e0 Crian\u00e7a","description":"Tesemunho de Daniel Sampaio: Ao longo destes cerca de 25 anos, o IAC teve uma ac\u00e7\u00e3o not\u00e1vel na defesa dos direitos das crian\u00e7as portuguesas.","robots":{"index":"index","follow":"follow","max-snippet":"max-snippet:-1","max-image-preview":"max-image-preview:large","max-video-preview":"max-video-preview:-1"},"canonical":"https:\/\/iacrianca.pt\/en\/testimonies\/daniel-sampaio-2\/","og_locale":"en_US","og_type":"article","og_title":"Daniel Sampaio Testemunho | Instituto de Apoio \u00e0 Crian\u00e7a","og_description":"Tesemunho de Daniel Sampaio: Ao longo destes cerca de 25 anos, o IAC teve uma ac\u00e7\u00e3o not\u00e1vel na defesa dos direitos das crian\u00e7as portuguesas.","og_url":"https:\/\/iacrianca.pt\/en\/testimonies\/daniel-sampaio-2\/","og_site_name":"Instituto de Apoio \u00e0 Crian\u00e7a","article_publisher":"https:\/\/www.facebook.com\/iacinstitutodeapoioacrianca","twitter_card":"summary_large_image","twitter_site":"@iacapoiocrianca","twitter_misc":{"Est. reading time":"2 minutes"},"schema":{"@context":"https:\/\/schema.org","@graph":[{"@type":"WebPage","@id":"https:\/\/iacrianca.pt\/en\/testimonies\/daniel-sampaio-2\/","url":"https:\/\/iacrianca.pt\/en\/testimonies\/daniel-sampaio-2\/","name":"Daniel Sampaio Testemunho | Instituto de Apoio \u00e0 Crian\u00e7a","isPartOf":{"@id":"https:\/\/iacrianca.pt\/en\/#website"},"datePublished":"2020-07-01T13:59:35+00:00","description":"Tesemunho de Daniel Sampaio: Ao longo destes cerca de 25 anos, o IAC teve uma ac\u00e7\u00e3o not\u00e1vel na defesa dos direitos das crian\u00e7as portuguesas.","breadcrumb":{"@id":"https:\/\/iacrianca.pt\/en\/testimonies\/daniel-sampaio-2\/#breadcrumb"},"inLanguage":"en-US","potentialAction":[{"@type":"ReadAction","target":["https:\/\/iacrianca.pt\/en\/testimonies\/daniel-sampaio-2\/"]}]},{"@type":"BreadcrumbList","@id":"https:\/\/iacrianca.pt\/en\/testimonies\/daniel-sampaio-2\/#breadcrumb","itemListElement":[{"@type":"ListItem","position":1,"name":"In\u00edcio","item":"https:\/\/iacrianca.pt\/en\/"},{"@type":"ListItem","position":2,"name":"Testemunhos","item":"https:\/\/iacrianca.pt\/en\/testimonies\/"},{"@type":"ListItem","position":3,"name":"Daniel Sampaio"}]},{"@type":"WebSite","@id":"https:\/\/iacrianca.pt\/en\/#website","url":"https:\/\/iacrianca.pt\/en\/","name":"Instituto de Apoio \u00e0 Crian\u00e7a","description":"Desde 1983 na defesa e promo\u00e7\u00e3o dos direitos da crian\u00e7a","publisher":{"@id":"https:\/\/iacrianca.pt\/en\/#organization"},"potentialAction":[{"@type":"SearchAction","target":{"@type":"EntryPoint","urlTemplate":"https:\/\/iacrianca.pt\/en\/?s={search_term_string}"},"query-input":{"@type":"PropertyValueSpecification","valueRequired":true,"valueName":"search_term_string"}}],"inLanguage":"en-US"},{"@type":"Organization","@id":"https:\/\/iacrianca.pt\/en\/#organization","name":"Instituto de Apoio \u00e0 Crian\u00e7a","url":"https:\/\/iacrianca.pt\/en\/","logo":{"@type":"ImageObject","inLanguage":"en-US","@id":"https:\/\/iacrianca.pt\/en\/#\/schema\/logo\/image\/","url":"https:\/\/iacrianca.pt\/wp-content\/uploads\/2020\/04\/logo-iac-SD.jpg","contentUrl":"https:\/\/iacrianca.pt\/wp-content\/uploads\/2020\/04\/logo-iac-SD.jpg","width":152,"height":73,"caption":"Instituto de Apoio \u00e0 Crian\u00e7a"},"image":{"@id":"https:\/\/iacrianca.pt\/en\/#\/schema\/logo\/image\/"},"sameAs":["https:\/\/www.facebook.com\/iacinstitutodeapoioacrianca","https:\/\/x.com\/iacapoiocrianca","https:\/\/www.youtube.com\/channel\/UC0jjfZ_xkN_59gJf_RQ-ZnQ","https:\/\/www.linkedin.com\/company\/instituto-de-apoio--criana\/","https:\/\/www.instagram.com\/iacinstitutodeapoioacrianca\/","https:\/\/criancasatortoeadireitos.wordpress.com\/"]}]}},"_links":{"self":[{"href":"https:\/\/iacrianca.pt\/en\/wp-json\/wp\/v2\/dt_testimonials\/11560","targetHints":{"allow":["GET"]}}],"collection":[{"href":"https:\/\/iacrianca.pt\/en\/wp-json\/wp\/v2\/dt_testimonials"}],"about":[{"href":"https:\/\/iacrianca.pt\/en\/wp-json\/wp\/v2\/types\/dt_testimonials"}],"version-history":[{"count":0,"href":"https:\/\/iacrianca.pt\/en\/wp-json\/wp\/v2\/dt_testimonials\/11560\/revisions"}],"wp:attachment":[{"href":"https:\/\/iacrianca.pt\/en\/wp-json\/wp\/v2\/media?parent=11560"}],"wp:term":[{"taxonomy":"dt_testimonials_category","embeddable":true,"href":"https:\/\/iacrianca.pt\/en\/wp-json\/wp\/v2\/dt_testimonials_category?post=11560"}],"curies":[{"name":"wp","href":"https:\/\/api.w.org\/{rel}","templated":true}]}}

<p>O pedopsiquiatra Dr. João dos Santos &#8211; um dos meus mestres e profissional muito marcante na formação de muitos técnicos de Saúde Mental em Portugal&#8212; sempre teve a “utopia” da criação de um Instituto da Criança, entidade que considerava crucial para a defesa da causa dos mais novos. Em 1983, o seu sonho tornou-se realidade, com a criação do <b>Instituto de Apoio à Criança</b> (<b>IAC</b>), que desde sempre contou com o entusiasmo, perseverança e humanismo da sua fundadora, Dra. Manuela Ramalho Eanes.</p>
<p>Ao longo destes cerca de 25 anos, o <b>IAC</b> teve uma acção notável na defesa dos direitos das crianças portuguesas, que se manifestou de muitos modos: desde a divulgação dos direitos das crianças, ao trabalho no terreno junto de menores em risco e em perigo e à intervenção junto de escolas e de instituições para jovens. A sua acção caracteriza-se por um elevado sentido de participação cívica dos seus técnicos e por uma atitude de cooperação com outras organizações similares, quer nacionais quer estrangeiras.</p>
<p>Entre as muitas iniciativas que organizou, destaco a criação da Linha SOS Criança, a luta pela humanização dos hospitais, o trabalho com crianças de rua e a criação, em muitas escolas, de equipas de mediação escolar, arma essencial para o combate ao insucesso e abandono escolares.</p>
<p>O <b>IAC</b> é hoje um parceiro essencial para todas as iniciativas que visem lutar pela saúde e segurança das crianças e adolescentes em Portugal, como se pode verificar pela sua presença constante em reuniões científicas sobre o tema.</p>
<p>Pelas razões expostas, sou de opinião que se justifica plenamente a atribuição do III Premio Rey de España de Derechos Humanos ao <b>Instituto de Apoio à Criança</b> (<b>IAC</b>).</p>

<p>O pedopsiquiatra Dr. João dos Santos &#8211; um dos meus mestres e profissional muito marcante na formação de muitos técnicos de Saúde Mental em Portugal&#8212; sempre teve a “utopia” da criação de um Instituto da Criança, entidade que considerava crucial para a defesa da causa dos mais novos. Em 1983, o seu sonho tornou-se realidade,&hellip;</p>

<!-- This site is optimized with the Yoast SEO plugin v27.5 - https://yoast.com/product/yoast-seo-wordpress/ -->
<title>Daniel Sampaio Testemunho | Instituto de Apoio à Criança</title>
<meta name="description" content="Tesemunho de Daniel Sampaio: Ao longo destes cerca de 25 anos, o IAC teve uma acção notável na defesa dos direitos das crianças portuguesas." />
<meta name="robots" content="index, follow, max-snippet:-1, max-image-preview:large, max-video-preview:-1" />
<link rel="canonical" href="https://iacrianca.pt/en/testimonies/daniel-sampaio-2/" />
<meta property="og:locale" content="en_US" />
<meta property="og:type" content="article" />
<meta property="og:title" content="Daniel Sampaio Testemunho | Instituto de Apoio à Criança" />
<meta property="og:description" content="Tesemunho de Daniel Sampaio: Ao longo destes cerca de 25 anos, o IAC teve uma acção notável na defesa dos direitos das crianças portuguesas." />
<meta property="og:url" content="https://iacrianca.pt/en/testimonies/daniel-sampaio-2/" />
<meta property="og:site_name" content="Instituto de Apoio à Criança" />
<meta property="article:publisher" content="https://www.facebook.com/iacinstitutodeapoioacrianca" />
<meta name="twitter:card" content="summary_large_image" />
<meta name="twitter:site" content="@iacapoiocrianca" />
<meta name="twitter:label1" content="Est. reading time" />
	<meta name="twitter:data1" content="2 minutes" />
<script type="application/ld+json" class="yoast-schema-graph">{"@context":"https:\/\/schema.org","@graph":[{"@type":"WebPage","@id":"https:\/\/iacrianca.pt\/en\/testimonies\/daniel-sampaio-2\/","url":"https:\/\/iacrianca.pt\/en\/testimonies\/daniel-sampaio-2\/","name":"Daniel Sampaio Testemunho | Instituto de Apoio à Criança","isPartOf":{"@id":"https:\/\/iacrianca.pt\/en\/#website"},"datePublished":"2020-07-01T13:59:35+00:00","description":"Tesemunho de Daniel Sampaio: Ao longo destes cerca de 25 anos, o IAC teve uma acção notável na defesa dos direitos das crianças portuguesas.","breadcrumb":{"@id":"https:\/\/iacrianca.pt\/en\/testimonies\/daniel-sampaio-2\/#breadcrumb"},"inLanguage":"en-US","potentialAction":[{"@type":"ReadAction","target":["https:\/\/iacrianca.pt\/en\/testimonies\/daniel-sampaio-2\/"]}]},{"@type":"BreadcrumbList","@id":"https:\/\/iacrianca.pt\/en\/testimonies\/daniel-sampaio-2\/#breadcrumb","itemListElement":[{"@type":"ListItem","position":1,"name":"Início","item":"https:\/\/iacrianca.pt\/en\/"},{"@type":"ListItem","position":2,"name":"Testemunhos","item":"https:\/\/iacrianca.pt\/en\/testimonies\/"},{"@type":"ListItem","position":3,"name":"Daniel Sampaio"}]},{"@type":"WebSite","@id":"https:\/\/iacrianca.pt\/en\/#website","url":"https:\/\/iacrianca.pt\/en\/","name":"Instituto de Apoio à Criança","description":"Desde 1983 na defesa e promoção dos direitos da criança","publisher":{"@id":"https:\/\/iacrianca.pt\/en\/#organization"},"potentialAction":[{"@type":"SearchAction","target":{"@type":"EntryPoint","urlTemplate":"https:\/\/iacrianca.pt\/en\/?s={search_term_string}"},"query-input":{"@type":"PropertyValueSpecification","valueRequired":true,"valueName":"search_term_string"}}],"inLanguage":"en-US"},{"@type":"Organization","@id":"https:\/\/iacrianca.pt\/en\/#organization","name":"Instituto de Apoio à Criança","url":"https:\/\/iacrianca.pt\/en\/","logo":{"@type":"ImageObject","inLanguage":"en-US","@id":"https:\/\/iacrianca.pt\/en\/#\/schema\/logo\/image\/","url":"https:\/\/iacrianca.pt\/wp-content\/uploads\/2020\/04\/logo-iac-SD.jpg","contentUrl":"https:\/\/iacrianca.pt\/wp-content\/uploads\/2020\/04\/logo-iac-SD.jpg","width":152,"height":73,"caption":"Instituto de Apoio à Criança"},"image":{"@id":"https:\/\/iacrianca.pt\/en\/#\/schema\/logo\/image\/"},"sameAs":["https:\/\/www.facebook.com\/iacinstitutodeapoioacrianca","https:\/\/x.com\/iacapoiocrianca","https:\/\/www.youtube.com\/channel\/UC0jjfZ_xkN_59gJf_RQ-ZnQ","https:\/\/www.linkedin.com\/company\/instituto-de-apoio--criana\/","https:\/\/www.instagram.com\/iacinstitutodeapoioacrianca\/","https:\/\/criancasatortoeadireitos.wordpress.com\/"]}]}</script>
<!-- / Yoast SEO plugin. -->

Daniel Sampaio Testemunho | Instituto de Apoio à Criança

Tesemunho de Daniel Sampaio: Ao longo destes cerca de 25 anos, o IAC teve uma acção notável na defesa dos direitos das crianças portuguesas.

Instituto de Apoio à Criança

Início

Desde 1983 na defesa e promoção dos direitos da criança
